{"id":102,"date":"2017-04-06T20:12:41","date_gmt":"2017-04-06T18:12:41","guid":{"rendered":"http:\/\/lponordgrandeterre.fr\/?page_id=102"},"modified":"2017-06-13T19:00:33","modified_gmt":"2017-06-13T17:00:33","slug":"nos-projets","status":"publish","type":"page","link":"https:\/\/lponordgrandeterre.fr\/?page_id=102","title":{"rendered":"Nos projets"},"content":{"rendered":"\n\n<div class=\"su-posts su-posts-default-loop\">\n\n\t\n\t\t\n\t\t\t<div id=\"su-post-5051\" class=\"su-post\">\n\n\t\t\t\t\t\t\t\t\t<a class=\"su-post-thumbnail\" href=\"https:\/\/lponordgrandeterre.fr\/?p=5051\"><img width=\"1188\" height=\"891\" src=\"https:\/\/lponordgrandeterre.fr\/wp-content\/uploads\/2023\/11\/0.jpg\" class=\"attachment-post-thumbnail size-post-thumbnail wp-post-image\" alt=\"\" decoding=\"async\" loading=\"lazy\" srcset=\"https:\/\/lponordgrandeterre.fr\/wp-content\/uploads\/2023\/11\/0.jpg 1188w, https:\/\/lponordgrandeterre.fr\/wp-content\/uploads\/2023\/11\/0-300x225.jpg 300w, https:\/\/lponordgrandeterre.fr\/wp-content\/uploads\/2023\/11\/0-1024x768.jpg 1024w, https:\/\/lponordgrandeterre.fr\/wp-content\/uploads\/2023\/11\/0-768x576.jpg 768w\" sizes=\"(max-width: 1188px) 100vw, 1188px\" \/><\/a>\n\t\t\t\t\n\t\t\t\t<h2 class=\"su-post-title\"><a href=\"https:\/\/lponordgrandeterre.fr\/?p=5051\"><strong>Semaine Bleue avec Services \u00e0 Kaz et Bien Vivre +<\/strong><\/a><\/h2>\n\n\t\t\t\t<div class=\"su-post-meta\">\n\t\t\t\t\tPubli\u00e9: 20 novembre 2023\t\t\t\t<\/div>\n\n\t\t\t\t<div class=\"su-post-excerpt\">\n\t\t\t\t\t<p>Les \u00e9l\u00e8ves de la classe 1ASSP, les \u00e9tudiants BTS ESF premi\u00e8re ann\u00e9e, accompagn\u00e9s de leurs enseignants Mmes Bo\u00e9casse, Lesage, Jacoby-Koaly et de M. Coralie ont dans le cadre la Semaine Bleue particip\u00e9 \u00e0 une journ\u00e9e interg\u00e9n\u00e9rationnelle aux c\u00f4t\u00e9s de l\u2019association Services \u00e0 Kaz et la SARL Bien Vivre +. Les seniors de la Ville du Gosier suivis par ces deux structures de maintien \u00e0 domicile avaient \u00e9t\u00e9 convi\u00e9s \u00e0 cette grande manifestation au Palais des Sports du Gosier. Lors de cette journ\u00e9e du vendredi 06 octobre, nos lyc\u00e9ens ont assist\u00e9&#8230; <\/p>\n\t\t\t\t<\/div>\n\n\t\t\t\t\n\t\t\t<\/div>\n\n\t\t\n\t\t\t<div id=\"su-post-4998\" class=\"su-post\">\n\n\t\t\t\t\t\t\t\t\t<a class=\"su-post-thumbnail\" href=\"https:\/\/lponordgrandeterre.fr\/?p=4998\"><img width=\"1080\" height=\"1080\" src=\"https:\/\/lponordgrandeterre.fr\/wp-content\/uploads\/2023\/10\/Semaine-bleue.png\" class=\"attachment-post-thumbnail size-post-thumbnail wp-post-image\" alt=\"\" decoding=\"async\" loading=\"lazy\" srcset=\"https:\/\/lponordgrandeterre.fr\/wp-content\/uploads\/2023\/10\/Semaine-bleue.png 1080w, https:\/\/lponordgrandeterre.fr\/wp-content\/uploads\/2023\/10\/Semaine-bleue-300x300.png 300w, https:\/\/lponordgrandeterre.fr\/wp-content\/uploads\/2023\/10\/Semaine-bleue-1024x1024.png 1024w, https:\/\/lponordgrandeterre.fr\/wp-content\/uploads\/2023\/10\/Semaine-bleue-150x150.png 150w, https:\/\/lponordgrandeterre.fr\/wp-content\/uploads\/2023\/10\/Semaine-bleue-768x768.png 768w\" sizes=\"(max-width: 1080px) 100vw, 1080px\" \/><\/a>\n\t\t\t\t\n\t\t\t\t<h2 class=\"su-post-title\"><a href=\"https:\/\/lponordgrandeterre.fr\/?p=4998\">Semaine bleue \u00e0 Beauport<\/a><\/h2>\n\n\t\t\t\t<div class=\"su-post-meta\">\n\t\t\t\t\tPubli\u00e9: 18 octobre 2023\t\t\t\t<\/div>\n\n\t\t\t\t<div class=\"su-post-excerpt\">\n\t\t\t\t\t<p>En France, la premi\u00e8re semaine du mois d\u2019octobre est consacr\u00e9e aux personnes \u00e2g\u00e9es et retrait\u00e9es, un public qui souvent n\u00e9cessite une attention particuli\u00e8re. &nbsp;Appel\u00e9e Semaine bleue, ce temps fort a pour objectif de valoriser la place des personnes \u00e2g\u00e9es dans la soci\u00e9t\u00e9. \u00c0 cette occasion, le site de Beauport a organis\u00e9 son \u00e9v\u00e8nement annuel le Festival des chants de cannes autour des s\u00e9niors avec diff\u00e9rentes entr\u00e9es. Ainsi, la pi\u00e8ce de th\u00e9\u00e2tre Floue et le fant\u00f4me de Jarry de Frantz Durizot et le film AL de Christian Lara, entre autres, ont&#8230; <\/p>\n\t\t\t\t<\/div>\n\n\t\t\t\t\n\t\t\t<\/div>\n\n\t\t\n\t\t\t<div id=\"su-post-4487\" class=\"su-post\">\n\n\t\t\t\t\t\t\t\t\t<a class=\"su-post-thumbnail\" href=\"https:\/\/lponordgrandeterre.fr\/?p=4487\"><img width=\"1200\" height=\"1600\" src=\"https:\/\/lponordgrandeterre.fr\/wp-content\/uploads\/2023\/06\/IMG-20230607-WA0018.jpg\" class=\"attachment-post-thumbnail size-post-thumbnail wp-post-image\" alt=\"\" decoding=\"async\" loading=\"lazy\" srcset=\"https:\/\/lponordgrandeterre.fr\/wp-content\/uploads\/2023\/06\/IMG-20230607-WA0018.jpg 1200w, https:\/\/lponordgrandeterre.fr\/wp-content\/uploads\/2023\/06\/IMG-20230607-WA0018-225x300.jpg 225w, https:\/\/lponordgrandeterre.fr\/wp-content\/uploads\/2023\/06\/IMG-20230607-WA0018-768x1024.jpg 768w, https:\/\/lponordgrandeterre.fr\/wp-content\/uploads\/2023\/06\/IMG-20230607-WA0018-1152x1536.jpg 1152w\" sizes=\"(max-width: 1200px) 100vw, 1200px\" \/><\/a>\n\t\t\t\t\n\t\t\t\t<h2 class=\"su-post-title\"><a href=\"https:\/\/lponordgrandeterre.fr\/?p=4487\">Jou a b\u00e8lt\u00e9 an nou<\/a><\/h2>\n\n\t\t\t\t<div class=\"su-post-meta\">\n\t\t\t\t\tPubli\u00e9: 15 juin 2023\t\t\t\t<\/div>\n\n\t\t\t\t<div class=\"su-post-excerpt\">\n\t\t\t\t\t<p>Le 06 juin, les \u00e9l\u00e8ves de 2e ont pris part \u00e0 la deuxi\u00e8me \u00e9dition de notre matin\u00e9e culturelle intitul\u00e9e Arts d&#8217;ici : B\u00e8lt\u00e9 an nou&#8221;. Cette beaut\u00e9 qui nous caract\u00e9rise a pris la forme de quatre ateliers qui ont eu du succ\u00e8s. Merci aux Editions N\u00e8g mawon, \u00e0 la Direction et aux enseignants.<\/p>\n\t\t\t\t<\/div>\n\n\t\t\t\t\n\t\t\t<\/div>\n\n\t\t\n\t\t\t<div id=\"su-post-4476\" class=\"su-post\">\n\n\t\t\t\t\t\t\t\t\t<a class=\"su-post-thumbnail\" href=\"https:\/\/lponordgrandeterre.fr\/?p=4476\"><img width=\"1131\" height=\"1599\" src=\"https:\/\/lponordgrandeterre.fr\/wp-content\/uploads\/2023\/05\/IMG-20230524-WA0003.jpg\" class=\"attachment-post-thumbnail size-post-thumbnail wp-post-image\" alt=\"\" decoding=\"async\" loading=\"lazy\" srcset=\"https:\/\/lponordgrandeterre.fr\/wp-content\/uploads\/2023\/05\/IMG-20230524-WA0003.jpg 1131w, https:\/\/lponordgrandeterre.fr\/wp-content\/uploads\/2023\/05\/IMG-20230524-WA0003-212x300.jpg 212w, https:\/\/lponordgrandeterre.fr\/wp-content\/uploads\/2023\/05\/IMG-20230524-WA0003-724x1024.jpg 724w, https:\/\/lponordgrandeterre.fr\/wp-content\/uploads\/2023\/05\/IMG-20230524-WA0003-768x1086.jpg 768w, https:\/\/lponordgrandeterre.fr\/wp-content\/uploads\/2023\/05\/IMG-20230524-WA0003-1086x1536.jpg 1086w\" sizes=\"(max-width: 1131px) 100vw, 1131px\" \/><\/a>\n\t\t\t\t\n\t\t\t\t<h2 class=\"su-post-title\"><a href=\"https:\/\/lponordgrandeterre.fr\/?p=4476\">Expo :  Corps en soci\u00e9t\u00e9 Corps imagin\u00e9s<\/a><\/h2>\n\n\t\t\t\t<div class=\"su-post-meta\">\n\t\t\t\t\tPubli\u00e9: 15 juin 2023\t\t\t\t<\/div>\n\n\t\t\t\t<div class=\"su-post-excerpt\">\n\t\t\t\t\t<p>Dans le cadre de l&#8217;Accompagnement Personnalis\u00e9, des \u00e9l\u00e8ves de 2e ont rencontr\u00e9 les plasticiennes B\u00e9liza Troup\u00e9 et Cynthia Phibel. Autour du th\u00e8me impos\u00e9 &#8220;Corps imagin\u00e9s. Corps en soci\u00e9t\u00e9&#8221;quatre \u0153uvres ont \u00e9t\u00e9 r\u00e9alis\u00e9s. Nous avions mis l&#8217;accent sur les canons de beaut\u00e9. Deux ont \u00e9t\u00e9 relev\u00e9es par le France Antilles. L&#8217;exposition est visible jusqu&#8217;au 23 juin \u00e0 la M\u00e9diath\u00e8que du Lamentin.<\/p>\n\t\t\t\t<\/div>\n\n\t\t\t\t\n\t\t\t<\/div>\n\n\t\t\n\t\t\t<div id=\"su-post-4426\" class=\"su-post\">\n\n\t\t\t\t\t\t\t\t\t<a class=\"su-post-thumbnail\" href=\"https:\/\/lponordgrandeterre.fr\/?p=4426\"><img width=\"1414\" height=\"2000\" src=\"https:\/\/lponordgrandeterre.fr\/wp-content\/uploads\/2023\/05\/mai-1.png\" class=\"attachment-post-thumbnail size-post-thumbnail wp-post-image\" alt=\"\" decoding=\"async\" loading=\"lazy\" srcset=\"https:\/\/lponordgrandeterre.fr\/wp-content\/uploads\/2023\/05\/mai-1.png 1414w, https:\/\/lponordgrandeterre.fr\/wp-content\/uploads\/2023\/05\/mai-1-212x300.png 212w, https:\/\/lponordgrandeterre.fr\/wp-content\/uploads\/2023\/05\/mai-1-724x1024.png 724w, https:\/\/lponordgrandeterre.fr\/wp-content\/uploads\/2023\/05\/mai-1-768x1086.png 768w, https:\/\/lponordgrandeterre.fr\/wp-content\/uploads\/2023\/05\/mai-1-1086x1536.png 1086w\" sizes=\"(max-width: 1414px) 100vw, 1414px\" \/><\/a>\n\t\t\t\t\n\t\t\t\t<h2 class=\"su-post-title\"><a href=\"https:\/\/lponordgrandeterre.fr\/?p=4426\">Hymne \u00e0 l&#8217;esclave des Rotours, Surhomme pour toujours<\/a><\/h2>\n\n\t\t\t\t<div class=\"su-post-meta\">\n\t\t\t\t\tPubli\u00e9: 30 mai 2023\t\t\t\t<\/div>\n\n\t\t\t\t<div class=\"su-post-excerpt\">\n\t\t\t\t\t\t\t\t\t<\/div>\n\n\t\t\t\t\n\t\t\t<\/div>\n\n\t\t\n\t\t\t<div id=\"su-post-3998\" class=\"su-post\">\n\n\t\t\t\t\t\t\t\t\t<a class=\"su-post-thumbnail\" href=\"https:\/\/lponordgrandeterre.fr\/?p=3998\"><img width=\"1920\" height=\"1080\" src=\"https:\/\/lponordgrandeterre.fr\/wp-content\/uploads\/2022\/07\/Theatre.png\" class=\"attachment-post-thumbnail size-post-thumbnail wp-post-image\" alt=\"\" decoding=\"async\" loading=\"lazy\" srcset=\"https:\/\/lponordgrandeterre.fr\/wp-content\/uploads\/2022\/07\/Theatre.png 1920w, https:\/\/lponordgrandeterre.fr\/wp-content\/uploads\/2022\/07\/Theatre-300x169.png 300w, https:\/\/lponordgrandeterre.fr\/wp-content\/uploads\/2022\/07\/Theatre-1024x576.png 1024w, https:\/\/lponordgrandeterre.fr\/wp-content\/uploads\/2022\/07\/Theatre-768x432.png 768w, https:\/\/lponordgrandeterre.fr\/wp-content\/uploads\/2022\/07\/Theatre-1536x864.png 1536w\" sizes=\"(max-width: 1920px) 100vw, 1920px\" \/><\/a>\n\t\t\t\t\n\t\t\t\t<h2 class=\"su-post-title\"><a href=\"https:\/\/lponordgrandeterre.fr\/?p=3998\">Pour les 400 ans de Moli\u00e8re, les secondes du Lyc\u00e9e Nord Grande-Terre ont fait grande impression !<\/a><\/h2>\n\n\t\t\t\t<div class=\"su-post-meta\">\n\t\t\t\t\tPubli\u00e9: 12 juillet 2022\t\t\t\t<\/div>\n\n\t\t\t\t<div class=\"su-post-excerpt\">\n\t\t\t\t\t<p>Eh oui&nbsp;!&nbsp; Cette ann\u00e9e, Moli\u00e8re aurait eu 400 ans. Quatre cent ans, cela se f\u00eate, cela s\u2019\u00e9crit, cela se joue&nbsp;! Les Editions Flammarion, ont donc d\u00e9cid\u00e9 de c\u00e9l\u00e9brer les 400 ans de la naissance du c\u00e9l\u00e8bre dramaturge fran\u00e7ais, Moli\u00e8re, en proposant trois concours. Dans L\u2019Ecole des maris (1661), nous pouvons lire : \u00ab&nbsp;Il nous faut en riant instruire la jeunesse.&nbsp;\u00bb Nous avons donc pris cette invitation au pied de la lettre en participant au concours n\u00b02. Ce concours consistait en la cr\u00e9ation et en l\u2019interpr\u00e9tation d\u2019une sayn\u00e8te autour d\u2019une probl\u00e9matique&#8230; <\/p>\n\t\t\t\t<\/div>\n\n\t\t\t\t\n\t\t\t<\/div>\n\n\t\t\n\t\t\t<div id=\"su-post-3766\" class=\"su-post\">\n\n\t\t\t\t\t\t\t\t\t<a class=\"su-post-thumbnail\" href=\"https:\/\/lponordgrandeterre.fr\/?p=3766\"><img width=\"1024\" height=\"1024\" src=\"https:\/\/lponordgrandeterre.fr\/wp-content\/uploads\/2022\/05\/20220529_191300-COLLAGE.jpg\" class=\"attachment-post-thumbnail size-post-thumbnail wp-post-image\" alt=\"\" decoding=\"async\" loading=\"lazy\" srcset=\"https:\/\/lponordgrandeterre.fr\/wp-content\/uploads\/2022\/05\/20220529_191300-COLLAGE.jpg 1024w, https:\/\/lponordgrandeterre.fr\/wp-content\/uploads\/2022\/05\/20220529_191300-COLLAGE-300x300.jpg 300w, https:\/\/lponordgrandeterre.fr\/wp-content\/uploads\/2022\/05\/20220529_191300-COLLAGE-150x150.jpg 150w, https:\/\/lponordgrandeterre.fr\/wp-content\/uploads\/2022\/05\/20220529_191300-COLLAGE-768x768.jpg 768w\" sizes=\"(max-width: 1024px) 100vw, 1024px\" \/><\/a>\n\t\t\t\t\n\t\t\t\t<h2 class=\"su-post-title\"><a href=\"https:\/\/lponordgrandeterre.fr\/?p=3766\">Eduquer \u00e0 la citoyennet\u00e9 aujourd\u2019hui, un enjeu pour demain<\/a><\/h2>\n\n\t\t\t\t<div class=\"su-post-meta\">\n\t\t\t\t\tPubli\u00e9: 30 mai 2022\t\t\t\t<\/div>\n\n\t\t\t\t<div class=\"su-post-excerpt\">\n\t\t\t\t\t<p>Depuis le d\u00e9but de l\u2019ann\u00e9e, dans le cadre du dispositif de Consolidation de Acquis et de l\u2019Accompagnement \u00e0 l\u2019Orientation, les \u00e9l\u00e8ves de la classe CAP 1 AEPE ont travaill\u00e9 sur le th\u00e8me de la Citoyennet\u00e9. Gr\u00e2ce \u00e0 leurs enseignants, Mme Gobert, Mr Castel et \u00e0 des rencontres avec des associations de lutte pour le respect des droits des citoyens. Ils ont pr\u00e9sent\u00e9 \u00e0 la communaut\u00e9 scolaire leurs r\u00e9alisations. Avec quatre sketchs les \u00e9l\u00e8ves ont d\u00e9cid\u00e9 de sensibiliser les \u00e9l\u00e8ves et les adultes. Le vivre ensemble, le f\u00e9minisme, la sexualit\u00e9, les&#8230; <\/p>\n\t\t\t\t<\/div>\n\n\t\t\t\t\n\t\t\t<\/div>\n\n\t\t\n\t\t\t<div id=\"su-post-3758\" class=\"su-post\">\n\n\t\t\t\t\t\t\t\t\t<a class=\"su-post-thumbnail\" href=\"https:\/\/lponordgrandeterre.fr\/?p=3758\"><img width=\"1024\" height=\"1024\" src=\"https:\/\/lponordgrandeterre.fr\/wp-content\/uploads\/2022\/05\/20220529_192855-COLLAGE.jpg\" class=\"attachment-post-thumbnail size-post-thumbnail wp-post-image\" alt=\"\" decoding=\"async\" loading=\"lazy\" srcset=\"https:\/\/lponordgrandeterre.fr\/wp-content\/uploads\/2022\/05\/20220529_192855-COLLAGE.jpg 1024w, https:\/\/lponordgrandeterre.fr\/wp-content\/uploads\/2022\/05\/20220529_192855-COLLAGE-300x300.jpg 300w, https:\/\/lponordgrandeterre.fr\/wp-content\/uploads\/2022\/05\/20220529_192855-COLLAGE-150x150.jpg 150w, https:\/\/lponordgrandeterre.fr\/wp-content\/uploads\/2022\/05\/20220529_192855-COLLAGE-768x768.jpg 768w\" sizes=\"(max-width: 1024px) 100vw, 1024px\" \/><\/a>\n\t\t\t\t\n\t\t\t\t<h2 class=\"su-post-title\"><a href=\"https:\/\/lponordgrandeterre.fr\/?p=3758\">An tan dyab t\u00e9 tigason<\/a><\/h2>\n\n\t\t\t\t<div class=\"su-post-meta\">\n\t\t\t\t\tPubli\u00e9: 30 mai 2022\t\t\t\t<\/div>\n\n\t\t\t\t<div class=\"su-post-excerpt\">\n\t\t\t\t\t<p>An tan dyab t\u00e9 tigason, avec sa fl\u00fbte du conteur Rapha\u00ebl Anne- Rose enivrait son auditoire grand et petit avec des histoires insolites mais pleines de sens. An tan dyab t\u00e9 tigason, Mr Baltimore et Mme John faisait chavirer les corps et les \u00e2mes au son du Ka. An tan dyab t\u00e9 tigason, les femmes et les hommes fi\u00e8rement allaient et venaient \u00ab\u00a0t\u00e8t mar\u00e9\u00a0\u00bb au gr\u00e9 de leurs envies. Cette exp\u00e9rience propos\u00e9e par les \u00c9ditions N\u00e8g Mawon est une plong\u00e9e au c\u0153ur de nos traditions d\u2019antan, mieux c\u2019est une invitation&#8230; <\/p>\n\t\t\t\t<\/div>\n\n\t\t\t\t\n\t\t\t<\/div>\n\n\t\t\n\t\t\t<div id=\"su-post-3553\" class=\"su-post\">\n\n\t\t\t\t\t\t\t\t\t<a class=\"su-post-thumbnail\" href=\"https:\/\/lponordgrandeterre.fr\/?p=3553\"><img width=\"1280\" height=\"1280\" src=\"https:\/\/lponordgrandeterre.fr\/wp-content\/uploads\/2022\/03\/20220331_162531-1.jpg\" class=\"attachment-post-thumbnail size-post-thumbnail wp-post-image\" alt=\"\" decoding=\"async\" loading=\"lazy\" srcset=\"https:\/\/lponordgrandeterre.fr\/wp-content\/uploads\/2022\/03\/20220331_162531-1.jpg 1280w, https:\/\/lponordgrandeterre.fr\/wp-content\/uploads\/2022\/03\/20220331_162531-1-300x300.jpg 300w, https:\/\/lponordgrandeterre.fr\/wp-content\/uploads\/2022\/03\/20220331_162531-1-1024x1024.jpg 1024w, https:\/\/lponordgrandeterre.fr\/wp-content\/uploads\/2022\/03\/20220331_162531-1-150x150.jpg 150w, https:\/\/lponordgrandeterre.fr\/wp-content\/uploads\/2022\/03\/20220331_162531-1-768x768.jpg 768w\" sizes=\"(max-width: 1280px) 100vw, 1280px\" \/><\/a>\n\t\t\t\t\n\t\t\t\t<h2 class=\"su-post-title\"><a href=\"https:\/\/lponordgrandeterre.fr\/?p=3553\">Une aventure en couleur<\/a><\/h2>\n\n\t\t\t\t<div class=\"su-post-meta\">\n\t\t\t\t\tPubli\u00e9: 31 mars 2022\t\t\t\t<\/div>\n\n\t\t\t\t<div class=\"su-post-excerpt\">\n\t\t\t\t\t<p>Pendant plusieurs semaines, la classe de 2nde 1 et quelques \u00e9l\u00e8ves de l&#8217;internat ont particip\u00e9 \u00e0 la dixi\u00e8me \u00e9dition du projet Wi an Art. Identit\u00e9s et perceptions se sont alli\u00e9es aux couleurs pour mettre en valeur Mme Marie Gustave dit &#8220;Mamie feuillage&#8221;, Mr Germain Calixte dit &#8220;Chaben&#8221; et aussi pour parler de soi. Le r\u00e9sultat est visible au CDI.<\/p>\n\t\t\t\t<\/div>\n\n\t\t\t\t\n\t\t\t<\/div>\n\n\t\t\n\t\t\t<div id=\"su-post-3496\" class=\"su-post\">\n\n\t\t\t\t\t\t\t\t\t<a class=\"su-post-thumbnail\" href=\"https:\/\/lponordgrandeterre.fr\/?p=3496\"><img width=\"1200\" height=\"675\" src=\"https:\/\/lponordgrandeterre.fr\/wp-content\/uploads\/2022\/03\/Yemouna-03_opt-1.jpg\" class=\"attachment-post-thumbnail size-post-thumbnail wp-post-image\" alt=\"\" decoding=\"async\" loading=\"lazy\" srcset=\"https:\/\/lponordgrandeterre.fr\/wp-content\/uploads\/2022\/03\/Yemouna-03_opt-1.jpg 1200w, https:\/\/lponordgrandeterre.fr\/wp-content\/uploads\/2022\/03\/Yemouna-03_opt-1-300x169.jpg 300w, https:\/\/lponordgrandeterre.fr\/wp-content\/uploads\/2022\/03\/Yemouna-03_opt-1-1024x576.jpg 1024w, https:\/\/lponordgrandeterre.fr\/wp-content\/uploads\/2022\/03\/Yemouna-03_opt-1-768x432.jpg 768w\" sizes=\"(max-width: 1200px) 100vw, 1200px\" \/><\/a>\n\t\t\t\t\n\t\t\t\t<h2 class=\"su-post-title\"><a href=\"https:\/\/lponordgrandeterre.fr\/?p=3496\">11 mars Journ\u00e9e de lutte contre l&#8217;ob\u00e9sit\u00e9<\/a><\/h2>\n\n\t\t\t\t<div class=\"su-post-meta\">\n\t\t\t\t\tPubli\u00e9: 10 mars 2022\t\t\t\t<\/div>\n\n\t\t\t\t<div class=\"su-post-excerpt\">\n\t\t\t\t\t<p>Le Comit\u00e9 d&#8217;\u00c9ducation \u00e0 la Sant\u00e9 et \u00e0 la Citoyennet\u00e9 (CESC) vous invite \u00e0 sa Journ\u00e9e de lutte contre l&#8217;ob\u00e9sit\u00e9 le vendredi 11 mars de 8 heures \u00e0 16 heures. Notez que Mme Martel, di\u00e9t\u00e9ticienne-nutritionniste, proposera des entretiens individuels aux \u00e9l\u00e8ves de 08 heures \u00e0 10 heures puis de 13h30 \u00e0 16 heures entre autres. En plus, Yemouna sera pr\u00e9sente pour t\u00e9moigner de son parcours. L&#8217;ob\u00e9sit\u00e9 est une maladie qui n\u00e9cessite un accompagnement. Prenez connaissance du programme afin de ne rien rater.<\/p>\n\t\t\t\t<\/div>\n\n\t\t\t\t\n\t\t\t<\/div>\n\n\t\t\n\t\n<\/div>\n\n","protected":false},"excerpt":{"rendered":"","protected":false},"author":4,"featured_media":0,"parent":100,"menu_order":2,"comment_status":"closed","ping_status":"closed","template":"template-right-sidebar.php","meta":[],"_links":{"self":[{"href":"https:\/\/lponordgrandeterre.fr\/index.php?rest_route=\/wp\/v2\/pages\/102"}],"collection":[{"href":"https:\/\/lponordgrandeterre.fr\/index.php?rest_route=\/wp\/v2\/pages"}],"about":[{"href":"https:\/\/lponordgrandeterre.fr\/index.php?rest_route=\/wp\/v2\/types\/page"}],"author":[{"embeddable":true,"href":"https:\/\/lponordgrandeterre.fr\/index.php?rest_route=\/wp\/v2\/users\/4"}],"replies":[{"embeddable":true,"href":"https:\/\/lponordgrandeterre.fr\/index.php?rest_route=%2Fwp%2Fv2%2Fcomments&post=102"}],"version-history":[{"count":7,"href":"https:\/\/lponordgrandeterre.fr\/index.php?rest_route=\/wp\/v2\/pages\/102\/revisions"}],"predecessor-version":[{"id":456,"href":"https:\/\/lponordgrandeterre.fr\/index.php?rest_route=\/wp\/v2\/pages\/102\/revisions\/456"}],"up":[{"embeddable":true,"href":"https:\/\/lponordgrandeterre.fr\/index.php?rest_route=\/wp\/v2\/pages\/100"}],"wp:attachment":[{"href":"https:\/\/lponordgrandeterre.fr\/index.php?rest_route=%2Fwp%2Fv2%2Fmedia&parent=102"}],"curies":[{"name":"wp","href":"https:\/\/api.w.org\/{rel}","templated":true}]}}