{"id":110,"date":"2017-04-06T20:16:48","date_gmt":"2017-04-06T18:16:48","guid":{"rendered":"http:\/\/lponordgrandeterre.fr\/?page_id=110"},"modified":"2022-06-23T14:51:00","modified_gmt":"2022-06-23T12:51:00","slug":"sections-generales-et-technologiques","status":"publish","type":"page","link":"https:\/\/lponordgrandeterre.fr\/?page_id=110","title":{"rendered":"les fili\u00e8res g\u00e9n\u00e9rales et technologiques"},"content":{"rendered":"<div style=\"width: 640px;\" class=\"wp-video\"><!--[if lt IE 9]><script>document.createElement('video');<\/script><![endif]-->\n<video class=\"wp-video-shortcode\" id=\"video-110-1\" width=\"640\" height=\"480\" preload=\"metadata\" controls=\"controls\"><source type=\"video\/mp4\" src=\"http:\/\/lponordgrandeterre.fr\/wp-content\/uploads\/2022\/06\/Presentation-LPONGT.mp4?_=1\" \/><a href=\"http:\/\/lponordgrandeterre.fr\/wp-content\/uploads\/2022\/06\/Presentation-LPONGT.mp4\">http:\/\/lponordgrandeterre.fr\/wp-content\/uploads\/2022\/06\/Presentation-LPONGT.mp4<\/a><\/video><\/div>\n<h4 class=\"accordion_content\">\u00a0<strong>LA VOIE GENERALE<\/strong><\/h4>\n<ul>\n<li class=\"accordion_content\"><strong>SECONDE GENERALE <\/strong><\/li>\n<\/ul>\n<div class=\"note\"><\/div>\n<div class=\"note\">\n<p><img decoding=\"async\" loading=\"lazy\" class=\"alignnone size-full wp-image-2731\" src=\"http:\/\/lponordgrandeterre.fr\/wp-content\/uploads\/2017\/04\/ORGANISATION-FORMATION-LGT.png\" alt=\"\" width=\"1003\" height=\"671\" srcset=\"https:\/\/lponordgrandeterre.fr\/wp-content\/uploads\/2017\/04\/ORGANISATION-FORMATION-LGT.png 1003w, https:\/\/lponordgrandeterre.fr\/wp-content\/uploads\/2017\/04\/ORGANISATION-FORMATION-LGT-300x201.png 300w, https:\/\/lponordgrandeterre.fr\/wp-content\/uploads\/2017\/04\/ORGANISATION-FORMATION-LGT-768x514.png 768w\" sizes=\"(max-width: 1003px) 100vw, 1003px\" \/><\/p>\n<\/div>\n<div class=\"note\">\n<p>Les \u00e9l\u00e8ves de la voie g\u00e9n\u00e9rale choisissent d\u2019approfondir progressivement des <b>enseignements de sp\u00e9cialit\u00e9<\/b>.<\/p>\n<ol>\n<li>A la fin de la seconde, les \u00e9l\u00e8ves qui se dirigent vers la voie g\u00e9n\u00e9rale choisissent <b>trois enseignements de sp\u00e9cialit\u00e9 qu\u2019ils suivront en premi\u00e8re <\/b>(4h hebdomadaires par sp\u00e9cialit\u00e9)<\/li>\n<li>A la fin de l\u2019ann\u00e9e de premi\u00e8re, ils choisissent, parmi ces trois enseignements, les deux <b>enseignements de sp\u00e9cialit\u00e9 qu\u2019ils poursuivront en classe de terminale <\/b>(6h hebdomadaires par sp\u00e9cialit\u00e9)<\/li>\n<\/ol>\n<\/div>\n<div class=\"note\">\n<p><b>PREMIERE GENERALE<\/b><\/p>\n<p><b><img decoding=\"async\" loading=\"lazy\" class=\"alignnone size-full wp-image-2732\" src=\"http:\/\/lponordgrandeterre.fr\/wp-content\/uploads\/2017\/04\/PREMIERE-ET-TERMINALE-GT.png\" alt=\"\" width=\"1002\" height=\"669\" srcset=\"https:\/\/lponordgrandeterre.fr\/wp-content\/uploads\/2017\/04\/PREMIERE-ET-TERMINALE-GT.png 1002w, https:\/\/lponordgrandeterre.fr\/wp-content\/uploads\/2017\/04\/PREMIERE-ET-TERMINALE-GT-300x200.png 300w, https:\/\/lponordgrandeterre.fr\/wp-content\/uploads\/2017\/04\/PREMIERE-ET-TERMINALE-GT-768x513.png 768w\" sizes=\"(max-width: 1002px) 100vw, 1002px\" \/><\/b><\/p>\n<p><b>\u00a0\u00a0<\/b><\/p>\n<\/div>\n<div class=\"note\"><\/div>\n<p><b>LA VOIE TECHNOLOGIQUE<\/b><\/p>\n<p><img decoding=\"async\" loading=\"lazy\" class=\"alignnone size-large wp-image-2733\" src=\"http:\/\/lponordgrandeterre.fr\/wp-content\/uploads\/2017\/04\/ST2S-1024x669.png\" alt=\"\" width=\"1024\" height=\"669\" srcset=\"https:\/\/lponordgrandeterre.fr\/wp-content\/uploads\/2017\/04\/ST2S-1024x669.png 1024w, https:\/\/lponordgrandeterre.fr\/wp-content\/uploads\/2017\/04\/ST2S-300x196.png 300w, https:\/\/lponordgrandeterre.fr\/wp-content\/uploads\/2017\/04\/ST2S-768x502.png 768w, https:\/\/lponordgrandeterre.fr\/wp-content\/uploads\/2017\/04\/ST2S.png 1227w\" sizes=\"(max-width: 1024px) 100vw, 1024px\" \/><\/p>\n<p><b>Profils attendus :<\/b> \u00catre curieux, S&#8217;int\u00e9resser aux probl\u00e8mes sanitaires et sociaux, Savoir s&#8217;exprimer tant \u00e0 l&#8217;oral qu&#8217;\u00e0 l&#8217;\u00e9crit, Savoir analyser, \u00catre autonome.<\/p>\n<p><b>Poursuite d\u2019\u00e9tudes :<\/b>\u00a0 L&#8217;objectif principal de la fili\u00e8re est la poursuite d&#8217;\u00e9tudes longues (universitaires) ou courtes (BTS DUT).<\/p>\n","protected":false},"excerpt":{"rendered":"<p>\u00a0LA VOIE GENERALE SECONDE GENERALE Les \u00e9l\u00e8ves de la voie g\u00e9n\u00e9rale choisissent d\u2019approfondir progressivement des enseignements de sp\u00e9cialit\u00e9. A la fin de la seconde, les \u00e9l\u00e8ves qui se dirigent vers la voie g\u00e9n\u00e9rale choisissent trois enseignements de sp\u00e9cialit\u00e9 qu\u2019ils suivront en premi\u00e8re (4h hebdomadaires par sp\u00e9cialit\u00e9) A la fin de l\u2019ann\u00e9e de premi\u00e8re, ils choisissent, parmi ces trois enseignements, les deux enseignements de sp\u00e9cialit\u00e9 qu\u2019ils poursuivront en classe de terminale (6h hebdomadaires par sp\u00e9cialit\u00e9) PREMIERE GENERALE \u00a0\u00a0 LA VOIE TECHNOLOGIQUE Profils attendus : \u00catre curieux, S&#8217;int\u00e9resser aux probl\u00e8mes sanitaires et&#8230; <\/p>\n","protected":false},"author":4,"featured_media":0,"parent":107,"menu_order":1,"comment_status":"closed","ping_status":"closed","template":"template-right-sidebar.php","meta":[],"_links":{"self":[{"href":"https:\/\/lponordgrandeterre.fr\/index.php?rest_route=\/wp\/v2\/pages\/110"}],"collection":[{"href":"https:\/\/lponordgrandeterre.fr\/index.php?rest_route=\/wp\/v2\/pages"}],"about":[{"href":"https:\/\/lponordgrandeterre.fr\/index.php?rest_route=\/wp\/v2\/types\/page"}],"author":[{"embeddable":true,"href":"https:\/\/lponordgrandeterre.fr\/index.php?rest_route=\/wp\/v2\/users\/4"}],"replies":[{"embeddable":true,"href":"https:\/\/lponordgrandeterre.fr\/index.php?rest_route=%2Fwp%2Fv2%2Fcomments&post=110"}],"version-history":[{"count":39,"href":"https:\/\/lponordgrandeterre.fr\/index.php?rest_route=\/wp\/v2\/pages\/110\/revisions"}],"predecessor-version":[{"id":4315,"href":"https:\/\/lponordgrandeterre.fr\/index.php?rest_route=\/wp\/v2\/pages\/110\/revisions\/4315"}],"up":[{"embeddable":true,"href":"https:\/\/lponordgrandeterre.fr\/index.php?rest_route=\/wp\/v2\/pages\/107"}],"wp:attachment":[{"href":"https:\/\/lponordgrandeterre.fr\/index.php?rest_route=%2Fwp%2Fv2%2Fmedia&parent=110"}],"curies":[{"name":"wp","href":"https:\/\/api.w.org\/{rel}","templated":true}]}}