{"id":33,"date":"2017-03-27T14:24:30","date_gmt":"2017-03-27T12:24:30","guid":{"rendered":"http:\/\/lponordgrandeterre.fr\/?page_id=33"},"modified":"2017-06-30T13:52:05","modified_gmt":"2017-06-30T11:52:05","slug":"notre-lycee","status":"publish","type":"page","link":"https:\/\/lponordgrandeterre.fr\/?page_id=33","title":{"rendered":"Notre lyc\u00e9e"},"content":{"rendered":"<p class=\"spip\">Le LPO Nord Grande-Terre de Port-Louis est le premier lyc\u00e9e HQE de guadeloupe..<\/p>\n<p class=\"spip\">Qu\u2019est-ce que la norme HQE\u00a0: La Haute Qualit\u00e9 Environnementale est une d\u00e9marche qui vise \u00e0 limiter \u00e0 court et \u00e0 long terme les impacts environnementaux d\u2019une op\u00e9ration de construction ou de r\u00e9habilitation, tout en assurant aux occupants des conditions de vie saine et confortable. Les ma\u00eetres d\u2019ouvrage disposent d\u2019une meilleur contr\u00f4le de l\u2019acte de b\u00e2tir en structurant leurs objectifs autour de quatorze cibles.<\/p>\n<p class=\"spip\">Ma\u00eetriser les impacts sur l\u2019environnement ext\u00e9rieur\u00a0:<\/p>\n<p class=\"spip\">l\u2019\u00e9co-construction (relation harmonieuse des b\u00e2timents avec leur environnement imm\u00e9diat, choix int\u00e9gr\u00e9 des proc\u00e9d\u00e9s et produits de construction, chantier \u00e0 faibles nuisances), par l\u2019\u00e9co-gestion (gestion de l\u2019\u00e9nergie, de l\u2019eau, des d\u00e9chets d\u2019activit\u00e9, de l\u2019entretien et de la maintenance).<\/p>\n<p class=\"spip\">Cr\u00e9er un environnement int\u00e9rieur satisfaisant\u00a0:<\/p>\n<p class=\"spip\">le confort (hygrothermique, accoustique, visuel, olfactif), la sant\u00e9 (qualit\u00e9 sanitaire des espaces, de l\u2019air et de l\u2019eau).<\/p>\n<p class=\"spip\">\n\t\t<!-- MasterSlider -->\n\t\t<div id=\"P_MS6a0777c09335d\" class=\"master-slider-parent msl ms-parent-id-1\" style=\"max-width:1110px;\"  >\n\n\t\t\t\n\t\t\t<!-- MasterSlider Main -->\n\t\t\t<div id=\"MS6a0777c09335d\" class=\"master-slider ms-skin-default\" >\n\t\t\t\t \t\t\t\t \n\t\t\t\t<div  class=\"ms-slide\" data-delay=\"120\" data-fill-mode=\"center\"  >\n\t\t\t\t\t<img src=\"https:\/\/lponordgrandeterre.fr\/wp-content\/plugins\/master-slider\/public\/assets\/css\/blank.gif\" alt=\"\" title=\"\" data-src=\"https:\/\/lponordgrandeterre.fr\/wp-content\/uploads\/2021\/04\/filieres-lpongt.jpg\" \/>\n\t<a href=\"https:\/\/lponordgrandeterre.fr\/?p=2856&#038;preview=true\"     ><\/a>\n\n\n\t<img class=\"ms-thumb\" src=\"https:\/\/lponordgrandeterre.fr\/wp-content\/uploads\/2021\/04\/filieres-lpongt-140x80.jpg\" alt=\"\" \/>\n\t<div class=\"ms-thumb\" ><div class=\"ms-tab-context\"><div class=&quot;ms-tab-context&quot;><\/div><\/div>\n<\/div>\n\t\t\t\t<\/div>\n\t\t\t\t<div  class=\"ms-slide\" data-delay=\"300\" data-fill-mode=\"fill\"  >\n\t\t\t\t\t<img src=\"https:\/\/lponordgrandeterre.fr\/wp-content\/plugins\/master-slider\/public\/assets\/css\/blank.gif\" alt=\"\" title=\"\" data-src=\"https:\/\/lponordgrandeterre.fr\/wp-content\/uploads\/2021\/07\/EE36F251-638F-4FAB-834A-5FAF32552555.jpeg\" \/>\n\t<a href=\"http:\/\/lponordgrandeterre.fr\/?p=3174\"     ><\/a>\n\n\n\t<img class=\"ms-thumb\" src=\"https:\/\/lponordgrandeterre.fr\/wp-content\/uploads\/2021\/07\/EE36F251-638F-4FAB-834A-5FAF32552555-140x80.jpeg\" alt=\"\" \/>\n\t<div class=\"ms-thumb\" ><div class=\"ms-tab-context\"><div class=&quot;ms-tab-context&quot;><\/div><\/div>\n<\/div>\n\t\t\t\t<\/div>\n\t\t\t\t<div  class=\"ms-slide\" data-delay=\"3\" data-fill-mode=\"stretch\"  >\n\t\t\t\t\t<img src=\"https:\/\/lponordgrandeterre.fr\/wp-content\/plugins\/master-slider\/public\/assets\/css\/blank.gif\" alt=\"\" title=\"\" data-src=\"https:\/\/lponordgrandeterre.fr\/wp-content\/uploads\/2021\/03\/DSC06842.jpg\" \/>\n\t<a href=\"http:\/\/lponordgrandeterre.fr\/wp-content\/uploads\/2017\/04\/DSC06842.jpg\"     ><\/a>\n\n\n\t<img class=\"ms-thumb\" src=\"https:\/\/lponordgrandeterre.fr\/wp-content\/uploads\/2021\/03\/DSC06842-140x80.jpg\" alt=\"\" \/>\n\t<div class=\"ms-thumb\" ><div class=\"ms-tab-context\"><div class=&quot;ms-tab-context&quot;><\/div><\/div>\n<\/div>\n\t\t\t\t<\/div>\n\t\t\t\t<div  class=\"ms-slide\" data-delay=\"3\" data-fill-mode=\"fill\"  >\n\t\t\t\t\t<img src=\"https:\/\/lponordgrandeterre.fr\/wp-content\/plugins\/master-slider\/public\/assets\/css\/blank.gif\" alt=\"\" title=\"\" data-src=\"https:\/\/lponordgrandeterre.fr\/wp-content\/uploads\/2021\/03\/DSC06821-1.jpg\" \/>\n\t<a href=\"http:\/\/lponordgrandeterre.fr\/wp-content\/uploads\/2017\/04\/DSC06821-1.jpg\"     ><\/a>\n\n\n\t<img class=\"ms-thumb\" src=\"https:\/\/lponordgrandeterre.fr\/wp-content\/uploads\/2021\/03\/DSC06821-1-140x80.jpg\" alt=\"\" \/>\n\t<div class=\"ms-thumb\" ><div class=\"ms-tab-context\"><div class=&quot;ms-tab-context&quot;><\/div><\/div>\n<\/div>\n\t\t\t\t<\/div>\n\t\t\t\t<div  class=\"ms-slide\" data-delay=\"3\" data-fill-mode=\"fill\"  >\n\t\t\t\t\t<img src=\"https:\/\/lponordgrandeterre.fr\/wp-content\/plugins\/master-slider\/public\/assets\/css\/blank.gif\" alt=\"\" title=\"\" data-src=\"https:\/\/lponordgrandeterre.fr\/wp-content\/uploads\/2021\/03\/DSC06809.jpg\" \/>\n\t<a href=\"http:\/\/lponordgrandeterre.fr\/wp-content\/uploads\/2017\/04\/DSC06809.jpg\"     ><\/a>\n\n\n\t<img class=\"ms-thumb\" src=\"https:\/\/lponordgrandeterre.fr\/wp-content\/uploads\/2021\/03\/DSC06809-140x80.jpg\" alt=\"\" \/>\n\t<div class=\"ms-thumb\" ><div class=\"ms-tab-context\"><div class=&quot;ms-tab-context&quot;><\/div><\/div>\n<\/div>\n\t\t\t\t<\/div>\n\t\t\t\t<div  class=\"ms-slide\" data-delay=\"3\" data-fill-mode=\"fill\"  >\n\t\t\t\t\t<img src=\"https:\/\/lponordgrandeterre.fr\/wp-content\/plugins\/master-slider\/public\/assets\/css\/blank.gif\" alt=\"\" title=\"\" data-src=\"https:\/\/lponordgrandeterre.fr\/wp-content\/uploads\/2021\/03\/DSC06818.jpg\" \/>\n\t<a href=\"http:\/\/lponordgrandeterre.fr\/wp-content\/uploads\/2017\/04\/DSC06818.jpg\"     ><\/a>\n\n\n\t<img class=\"ms-thumb\" src=\"https:\/\/lponordgrandeterre.fr\/wp-content\/uploads\/2021\/03\/DSC06818-140x80.jpg\" alt=\"\" \/>\n\t<div class=\"ms-thumb\" ><div class=\"ms-tab-context\"><div class=&quot;ms-tab-context&quot;><\/div><\/div>\n<\/div>\n\t\t\t\t<\/div>\n\t\t\t\t<div  class=\"ms-slide\" data-delay=\"3\" data-fill-mode=\"fill\"  >\n\t\t\t\t\t<img src=\"https:\/\/lponordgrandeterre.fr\/wp-content\/plugins\/master-slider\/public\/assets\/css\/blank.gif\" alt=\"\" title=\"\" data-src=\"https:\/\/lponordgrandeterre.fr\/wp-content\/uploads\/2021\/03\/DSC06819.jpg\" \/>\n\t<a href=\"http:\/\/lponordgrandeterre.fr\/wp-content\/uploads\/2017\/04\/DSC06819.jpg\"     ><\/a>\n\n\n\t<img class=\"ms-thumb\" src=\"https:\/\/lponordgrandeterre.fr\/wp-content\/uploads\/2021\/03\/DSC06819-140x80.jpg\" alt=\"\" \/>\n\t<div class=\"ms-thumb\" ><div class=\"ms-tab-context\"><div class=&quot;ms-tab-context&quot;><\/div><\/div>\n<\/div>\n\t\t\t\t<\/div>\n\t\t\t\t<div  class=\"ms-slide\" data-delay=\"3\" data-fill-mode=\"fill\"  >\n\t\t\t\t\t<img src=\"https:\/\/lponordgrandeterre.fr\/wp-content\/plugins\/master-slider\/public\/assets\/css\/blank.gif\" alt=\"\" title=\"\" data-src=\"https:\/\/lponordgrandeterre.fr\/wp-content\/uploads\/2021\/03\/DSC06793.jpg\" \/>\n\t<a href=\"http:\/\/lponordgrandeterre.fr\/wp-content\/uploads\/2017\/04\/DSC06793.jpg\"     ><\/a>\n\n\n\t<img class=\"ms-thumb\" src=\"https:\/\/lponordgrandeterre.fr\/wp-content\/uploads\/2021\/03\/DSC06793-140x80.jpg\" alt=\"\" \/>\n\t<div class=\"ms-thumb\" ><div class=\"ms-tab-context\"><div class=&quot;ms-tab-context&quot;><\/div><\/div>\n<\/div>\n\t\t\t\t<\/div>\n\t\t\t\t<div  class=\"ms-slide\" data-delay=\"3\" data-fill-mode=\"fill\"  >\n\t\t\t\t\t<img src=\"https:\/\/lponordgrandeterre.fr\/wp-content\/plugins\/master-slider\/public\/assets\/css\/blank.gif\" alt=\"\" title=\"\" data-src=\"https:\/\/lponordgrandeterre.fr\/wp-content\/uploads\/2021\/03\/DSC06834.jpg\" \/>\n\t<a href=\"http:\/\/lponordgrandeterre.fr\/wp-content\/uploads\/2017\/04\/DSC06834.jpg\"     ><\/a>\n\n\n\t<img class=\"ms-thumb\" src=\"https:\/\/lponordgrandeterre.fr\/wp-content\/uploads\/2021\/03\/DSC06834-140x80.jpg\" alt=\"\" \/>\n\t<div class=\"ms-thumb\" ><div class=\"ms-tab-context\"><div class=&quot;ms-tab-context&quot;><\/div><\/div>\n<\/div>\n\t\t\t\t<\/div>\n\t\t\t\t<div  class=\"ms-slide\" data-delay=\"3\" data-fill-mode=\"fill\"  >\n\t\t\t\t\t<img src=\"https:\/\/lponordgrandeterre.fr\/wp-content\/plugins\/master-slider\/public\/assets\/css\/blank.gif\" alt=\"\" title=\"\" data-src=\"https:\/\/lponordgrandeterre.fr\/wp-content\/uploads\/2021\/03\/DSCN0885.jpg\" \/>\n\t<a href=\"http:\/\/lponordgrandeterre.fr\/wp-content\/uploads\/2017\/04\/DSCN0885.jpg\"     ><\/a>\n\n\n\t<img class=\"ms-thumb\" src=\"https:\/\/lponordgrandeterre.fr\/wp-content\/uploads\/2021\/03\/DSCN0885-140x80.jpg\" alt=\"\" \/>\n\t<div class=\"ms-thumb\" ><div class=\"ms-tab-context\"><div class=&quot;ms-tab-context&quot;><\/div><\/div>\n<\/div>\n\t\t\t\t<\/div>\n\n\t\t\t<\/div>\n\t\t\t<!-- END MasterSlider Main -->\n\n\t\t\t \n\t\t<\/div>\n\t\t<!-- END MasterSlider -->\n\n\t\t<script>\n\t\t(function ( $ ) {\n\t\t\t\"use strict\";\n\n\t\t\t$(function () {\n\t\t\t\tvar masterslider_335d = new MasterSlider();\n\n\t\t\t\t\/\/ slider controls\n\n\t\t\t\tmasterslider_335d.control('thumblist'  ,{ autohide:false, overVideo:true, dir:'v', speed:17, inset:false, arrows:false, hover:false, customClass:'', align:'right',type:'thumbs', margin:5, width:140, height:80, space:5, fillMode:'fill'  });\n\t\t\t\t\/\/ slider setup\n\t\t\t\tmasterslider_335d.setup(\"MS6a0777c09335d\", {\n\t\t\t\t\t\twidth           : 1110,\n\t\t\t\t\t\theight          : 480,\n\t\t\t\t\t\tminHeight       : 0,\n\t\t\t\t\t\tspace           : 0,\n\t\t\t\t\t\tstart           : 1,\n\t\t\t\t\t\tgrabCursor      : true,\n\t\t\t\t\t\tswipe           : true,\n\t\t\t\t\t\tmouse           : true,\n\t\t\t\t\t\tlayout          : \"boxed\",\n\t\t\t\t\t\twheel           : false,\n\t\t\t\t\t\tautoplay        : true,\n\t\t\t\t\t\tinstantStartLayers:false,\n\t\t\t\t\t\tloop            : true,\n\t\t\t\t\t\tshuffle         : false,\n\t\t\t\t\t\tpreload         : 0,\n\t\t\t\t\t\theightLimit     : true,\n\t\t\t\t\t\tautoHeight      : false,\n\t\t\t\t\t\tsmoothHeight    : true,\n\t\t\t\t\t\tendPause        : false,\n\t\t\t\t\t\toverPause       : true,\n\t\t\t\t\t\tfillMode        : \"fill\",\n\t\t\t\t\t\tcenterControls  : true,\n\t\t\t\t\t\tstartOnAppear   : true,\n\t\t\t\t\t\tlayersMode      : \"center\",\n\t\t\t\t\t\thideLayers      : false,\n\t\t\t\t\t\tfullscreenMargin: 0,\n\t\t\t\t\t\tspeed           : 20,\n\t\t\t\t\t\tdir             : \"h\",\n\t\t\t\t\t\tparallaxMode    : 'swipe',\n\t\t\t\t\t\tview            : \"basic\"\n\t\t\t\t});\n\n\t\t\t\t\n\t\t\t\twindow.masterslider_instances = window.masterslider_instances || [];\n\t\t\t\twindow.masterslider_instances.push( masterslider_335d );\n\t\t\t });\n\n\t\t})(jQuery);\n\t\t<\/script>\n\n\n","protected":false},"excerpt":{"rendered":"<p>Le LPO Nord Grande-Terre de Port-Louis est le premier lyc\u00e9e HQE de guadeloupe.. Qu\u2019est-ce que la norme HQE\u00a0: La Haute Qualit\u00e9 Environnementale est une d\u00e9marche qui vise \u00e0 limiter \u00e0 court et \u00e0 long terme les impacts environnementaux d\u2019une op\u00e9ration de construction ou de r\u00e9habilitation, tout en assurant aux occupants des conditions de vie saine et confortable. Les ma\u00eetres d\u2019ouvrage disposent d\u2019une meilleur contr\u00f4le de l\u2019acte de b\u00e2tir en structurant leurs objectifs autour de quatorze cibles. Ma\u00eetriser les impacts sur l\u2019environnement ext\u00e9rieur\u00a0: l\u2019\u00e9co-construction (relation harmonieuse des b\u00e2timents avec leur environnement&#8230; <\/p>\n","protected":false},"author":4,"featured_media":0,"parent":0,"menu_order":1,"comment_status":"closed","ping_status":"closed","template":"template-no-sidebar.php","meta":[],"_links":{"self":[{"href":"https:\/\/lponordgrandeterre.fr\/index.php?rest_route=\/wp\/v2\/pages\/33"}],"collection":[{"href":"https:\/\/lponordgrandeterre.fr\/index.php?rest_route=\/wp\/v2\/pages"}],"about":[{"href":"https:\/\/lponordgrandeterre.fr\/index.php?rest_route=\/wp\/v2\/types\/page"}],"author":[{"embeddable":true,"href":"https:\/\/lponordgrandeterre.fr\/index.php?rest_route=\/wp\/v2\/users\/4"}],"replies":[{"embeddable":true,"href":"https:\/\/lponordgrandeterre.fr\/index.php?rest_route=%2Fwp%2Fv2%2Fcomments&post=33"}],"version-history":[{"count":2,"href":"https:\/\/lponordgrandeterre.fr\/index.php?rest_route=\/wp\/v2\/pages\/33\/revisions"}],"predecessor-version":[{"id":256,"href":"https:\/\/lponordgrandeterre.fr\/index.php?rest_route=\/wp\/v2\/pages\/33\/revisions\/256"}],"wp:attachment":[{"href":"https:\/\/lponordgrandeterre.fr\/index.php?rest_route=%2Fwp%2Fv2%2Fmedia&parent=33"}],"curies":[{"name":"wp","href":"https:\/\/api.w.org\/{rel}","templated":true}]}}